Let o = 1878 - 1312. What is the tens digit of o?
6
Let s = 2 - -10. Suppose 15 = s*t - 7*t. Suppose -59 + 152 = 2*z - 5*f, -3*z - t*f + 108 = 0. What is the tens digit of z?
3
Let b be (3 - 3)/(-3)*-1. Let m = 2 - b. What is the units digit of 11 - ((-4)/m - 0)?
3
Suppose -5*u + 2365 = 3*g, 6*u - 2*g = 5*u + 486. Let y = u + -272. Suppose 3*j - 3*x - 126 = 0, -5*j + 2*x = -0*j - y. What is the tens digit of j?
4
What is the tens digit of (-18919)/(-17) + ((-264)/187)/(-12)?
1
Let y(c) = c**2 - 4*c - 1. Let n be y(4). Let j be n - 2*(-21)/6. What is the units digit of 4 + -2*3/j?
3
Let t be (-2)/11 + (-126)/33. What is the units digit of ((-74)/t)/(8/16)?
7
Suppose -2*y = -5*v - 0*y + 141, -2*y = 2*v - 48. Suppose -v*z + 32*z = 545. What is the hundreds digit of z?
1
Let b = -266 - -263. Let q be ((-4)/(-10))/(1/(-5)). What is the tens digit of (-5)/q*(-12)/b?
1
Suppose 42238 = 35*w - 65842. What is the thousands digit of w?
3
Suppose 16*t = 8*t + 648. What is the tens digit of t?
8
Let c be (8 - 1)*(-42)/49. What is the tens digit of (-1 + 3)*(2 + (-189)/c)?
6
Let v(r) = r**3 + 21*r**2 + 3*r + 11. Let p(q) = q**2. Let m(w) = -2*p(w) - v(w). What is the tens digit of m(-23)?
5
Let b be 1/(-2)*14*3. Let z = 23 + b. What is the tens digit of z/11 - 1446/(-33)?
4
Let b(w) = -w**3 - 11*w**2. Let z be b(-11). What is the tens digit of (0 - z - -1)*54?
5
Suppose 2*f - 15 + 7 = 0. Let h(x) = x + 10*x**2 - 7*x + 3*x**3 - 14*x**2 + 2 - f*x**3. What is the tens digit of h(-5)?
5
Let x(q) = 27*q + 274. What is the tens digit of x(-6)?
1
Suppose 0 = -5*x + 28 + 77. Let o = x - 13. Suppose l - 3 - o = 0. What is the units digit of l?
1
Let x be -2 + (-222)/(-4)*2. Suppose -x = -2*d + 219. What is the units digit of d?
4
Suppose 0 = -4*d + d + 186. Suppose 26*z - 27*z + d = 0. What is the tens digit of z?
6
Suppose 129*p - 3822 = 126*p. What is the tens digit of p?
7
Let o(v) = -5*v. Let r = 4 - 7. What is the units digit of o(r)?
5
Let q(g) be the second derivative of g**4/12 + g**3 - 3*g**2/2 - 2*g. Let r be q(-5). Let i = r - -17. What is the units digit of i?
9
Let q be (2 + -3 - 0)/((-3)/912). Let t = -185 + q. What is the hundreds digit of t?
1
Let z(i) = i**3 - 3*i**2 - 5*i + 5. Let j be z(4). Let q = j + 1. Suppose q*c + 2*c - 24 = 0. What is the units digit of c?
6
Let p = 41 + -36. Suppose a - 4*f - 15 = 54, p*f + 221 = 3*a. What is the units digit of a?
7
Let k(r) = -493*r - 356. What is the units digit of k(-6)?
2
Let y(f) = -f**2 + f. Let l(v) = -4*v**2 - v - 20. Let m(b) = l(b) - 6*y(b). What is the tens digit of m(7)?
2
Let n = -105 - -186. Let a = n - 79. What is the units digit of a?
2
Let f be (-11 - -11)*1/2. Suppose 0*b + b - 56 = f. What is the units digit of b?
6
Let l(v) = -v**3 + 6*v**2 - 6*v + 5. Let r be l(5). Let j(d) = r*d**2 + d**2 - 7*d + 2 + 2. What is the units digit of j(7)?
4
Let s = -11 + 11. Suppose -5*i + 233 = 2*b - 0*b, -4*b - i + 475 = s. What is the units digit of b?
9
Let s = 271 - 188. Let k = s + -36. What is the tens digit of k?
4
Let u be (-1)/(-2)*744*1. Suppose 2*w - u = -4*o - 0*o, 679 = 4*w - 5*o. What is the hundreds digit of w?
1
Suppose 41*y - 40*y = 450. What is the units digit of y?
0
Suppose -62 = -3*n + 286. Let m = n + 4. What is the tens digit of m?
2
Suppose 4100 = 173*s - 171*s. What is the hundreds digit of s?
0
Let q = 12 + -11. Suppose 3*k + q = 3*t + 13, -2*k = 2*t - 20. What is the units digit of k?
7
What is the tens digit of 129*(254/28 - 20/280)?
6
Let x(l) = -11*l + 2. Suppose -v = 3*v - 32. Let z(m) = -m + 6. Let u be z(v). What is the tens digit of x(u)?
2
Suppose 2*s - 75 = -5*g, -3*g = -2*s - 0*g + 51. Suppose 0 = 31*f - s*f - 53. What is the tens digit of f?
5
Suppose 11*z - 16 = 7*z. Suppose -s - 82 = -3*x, 3*s = z*x - 76 - 35. What is the units digit of x?
7
What is the thousands digit of (8765/(-15))/(6 - 76/12)?
1
Let o = -41 - -78. Suppose 34*i - o*i + 243 = 0. What is the tens digit of i?
8
Suppose -12 = -3*v - o, 2*v + 0*o - 5*o + 9 = 0. Suppose 120 = v*p - p. Suppose -5*f = -7*f + p. What is the tens digit of f?
3
What is the tens digit of (-1031)/(-2) + 6/(-12)?
1
Let h = -235 - -525. What is the units digit of h?
0
Let x = 23 + -23. Suppose -2*b + 6*b - 72 = x. Suppose -k + 0*f + b = f, -4*f + 95 = 5*k. What is the tens digit of k?
2
What is the tens digit of 1/((-7)/(-840)*2)?
6
Suppose l + 39 - 136 = 0. What is the units digit of l?
7
Let a = -1 - 2. Let x be (-4 - a)/(1/11). Let f = -6 - x. What is the units digit of f?
5
Let i = -2168 - -4473. What is the hundreds digit of i?
3
Suppose 2*s = -5*x - 10, -4*x = -3*s + x - 15. Let y be -2*((-2 - -5) + s). Suppose y*g - 84 = 12. What is the units digit of g?
4
Let c = 1056 - 405. What is the units digit of c?
1
Let n = -102 - -329. What is the units digit of n?
7
Suppose 3*x + 4*y - 6218 + 184 = 0, -3*x - 2*y = -6038. What is the hundreds digit of x?
0
Suppose 12*o = 17*o - 1445. Let q = 422 - o. What is the hundreds digit of q?
1
Let x(l) = -l**3 + 29*l**2 + 19*l - 27. What is the tens digit of x(28)?
8
Let y(w) = -18*w + 3. Let a(v) = 12*v - 2. Let k(x) = 7*a(x) + 5*y(x). What is the units digit of k(-1)?
7
Let d = 167 + -136. Let s = -2 + 4. Suppose -y - 143 = -5*q, s*q - q - y = d. What is the units digit of q?
8
What is the units digit of (15/(-1))/(17/(-153))?
5
Let x(y) = -30*y - 74. Let d(n) = 10*n + 25. Let q(o) = -7*d(o) - 2*x(o). What is the tens digit of q(-5)?
2
Let j = 14111 + -9902. What is the units digit of j?
9
Let y(a) = a**3 - 6*a**2 + 5. Suppose -l + 4*h - 3 + 1 = 0, 4*l - 3*h - 18 = 0. Let s be y(l). Let g(m) = m + 1. What is the units digit of g(s)?
6
Let o(v) = 2*v + 2. Let i be o(3). Let g = i - 8. Suppose 3*c - 33 - 27 = g. What is the tens digit of c?
2
Suppose 693 = 10*k - 3*k. Suppose 4*c - 364 = 4*j, -c + 0*j + k = j. What is the units digit of c?
5
Let i(t) = 37*t**2 + 36*t - 340. What is the thousands digit of i(9)?
2
Let v = -1204 + 2253. What is the units digit of v?
9
Let f = 383 + 3553. What is the units digit of f?
6
Let r(h) = 4*h**2 - 2*h + 61. Let w(n) = -n**2 - 1. Let j(g) = r(g) + 6*w(g). What is the tens digit of j(0)?
5
Let s = -20 + 22. Suppose -s*j + 18 = 4*j. Suppose -5*m = -5*x + 5 - 45, -j*x = 3*m. What is the units digit of m?
4
Suppose -24*f + 32898 = -27270. What is the tens digit of f?
0
Let m be 24/(-12) + 1 + -1. What is the units digit of (8*(-4)/40)/(m/60)?
4
Suppose -3*h + 3304 = 4*x - 531, 3*h - 3799 = 5*x. What is the tens digit of h?
7
Let c = 457 + -320. Let z = c - -177. What is the units digit of z?
4
Let u(n) = -n**3 - n**2 - n - 1. Let g(l) = 4*l**2 + 3*l + 3. Let y(b) = -g(b) - 4*u(b). Let z be y(-1). Let v = z - -14. What is the tens digit of v?
1
Let b(h) = 36*h**2 + 36*h**2 - 74*h**2 + 1 - 242*h**3. What is the tens digit of b(-1)?
4
Let n = 812 - 463. Let l = n + -248. What is the tens digit of l?
0
Let l(r) = 5*r. Let j = 7 - 8. Let f be (3 + j)/(-2 + 4). What is the units digit of l(f)?
5
Suppose -5*j + 0*j - 155 = 0. Let w = 140 + j. Let f = 178 - w. What is the units digit of f?
9
Suppose 192 = -19*o + 23*o. What is the units digit of o?
8
Suppose -f - n = -1370, -4*n + 3*n = 1. What is the tens digit of f?
7
Let v be 4*(-1 - (-117 - 3)). Suppose 5*q + 2*q = v. What is the tens digit of q?
6
Suppose -5*b + 124 = -3*b. What is the units digit of (b/5)/(4/10)?
1
Suppose -14*h = -12*h. Let f(d) = d + 18. What is the tens digit of f(h)?
1
Let y = 192 + 28. Suppose 3*a - y = -a. What is the units digit of a?
5
Suppose 11*x - 540 = 87. Suppose 5 = -5*f, 5*f + 22 - x = -j. What is the tens digit of j?
4
Suppose 0 = -2*s + 4*y - 6, -7*s + 3*s + 6 = y. What is the tens digit of 72 + s*(8 - 4)?
7
Suppose -f = 2*x + 69, 2*x - 4*f + 109 - 45 = 0. What is the units digit of 2/5*(-6715)/x?
9
Let g be (-247)/39 - (0 - (-2)/(-6)). Let h(c) = c**3 + 9*c**2 + 5*c + 4. What is the tens digit of h(g)?
8
Let t(o) = -5*o - 37 + 31 - 6*o. Let f be t(-4). Suppose 0 = -h + 4*r + f, -3 = 2*h + 2*r - 49. What is the units digit of h?
6
Suppose -3*x - 15 = 2*f - f, -f + 21 = -3*x. Let z = 9 - x. What is the units digit of z?
5
What is the tens digit of ((-27)/15 - 10/(-2))*10?
3
Let k(q) = -q - 7. Let y(l) = -l - 8. Let u(g) = -6*k(g) + 5*y(g). What is the units digit of u